70359?
7
What is the units digit of 676799583?
3
What is the units digit of 70482455?
5
What is the hundred thousands digit of 157267706?
2
What is the ten millions digit of 16518065?
1
What is the thousands digit of 2210252783?
2
What is the thousands digit of 187819224?
9
What is the ten thousands digit of 2228136662?
3
What is the hundreds digit of 49662815?
8
What is the thousands digit of 229616520?
6
What is the ten thousands digit of 532895814?
9
What is the units digit of 488699409?
9
What is the ten millions digit of 62633860?
6
What is the units digit of 28249678?
8
What is the ten thousands digit of 9279083319?
8
What is the tens digit of 133498650?
5
What is the ten millions digit of 68018935?
6
What is the ten thousands digit of 113310566?
1
What is the millions digit of 54436247?
4
What is the hundred thousands digit of 1111367?
1
What is the millions digit of 311156944?
1
What is the tens digit of 1392484978?
7
What is the units digit of 5747046161?
1
What is the millions digit of 13824040?
3
What is the ten thousands digit of 79344935?
4
What is the ten thousands digit of 261372016?
7
What is the units digit of 270113860?
0
What is the hundred thousands digit of 33570072?
5
What is the hundred millions digit of 2854813931?
8
What is the ten millions digit of 4476969138?
7
What is the hundred thousands digit of 301400489?
4
What is the hundred thousands digit of 1863765115?
7
What is the hundred thousands digit of 1907729363?
7
What is the tens digit of 297668875?
7
What is the hundred thousands digit of 314248821?
2
What is the ten thousands digit of 205414124?
1
What is the ten thousands digit of 263999697?
9
What is the tens digit of 5787024703?
0
What is the hundreds digit of 7015480277?
2
What is the hundreds digit of 139143190?
1
What is the tens digit of 65705313?
1
What is the thousands digit of 31028951?
8
What is the ten thousands digit of 1221673350?
7
What is the hundreds digit of 22745495?
4
What is the hundred thousands digit of 1976646999?
6
What is the units digit of 68945864?
4
What is the hundreds digit of 1987984189?
1
What is the hundreds digit of 27240596?
5
What is the billions digit of 3147886843?
3
What is the units digit of 475320079?
9
What is the millions digit of 1024764521?
4
What is the billions digit of 5391356267?
5
What is the thousands digit of 20459918?
9
What is the millions digit of 1671184294?
1
What is the ten millions digit of 528007921?
2
What is the units digit of 274342045?
5
What is the millions digit of 41756899?
1
What is the units digit of 1257673826?
6
What is the units digit of 602920735?
5
What is the hundred millions digit of 2953912902?
9
What is the units digit of 518119748?
8
What is the units digit of 110319507?
7
What is the tens digit of 635353872?
7
What is the millions digit of 88200879?
8
What is the ten millions digit of 241640431?
4
What is the ten thousands digit of 11185073?
8
What is the hundreds digit of 619577644?
6
What is the thousands digit of 134277622?
7
What is the hundred millions digit of 2230626066?
2
What is the hundred millions digit of 745951577?
7
What is the thousands digit of 3503601277?
1
What is the ten thousands digit of 148070436?
7
What is the hundred thousands digit of 648051110?
0
What is the hundred millions digit of 1277374552?
2
What is the hundred millions digit of 362566547?
3
What is the hundreds digit of 430733269?
2
What is the tens digit of 152453864?
6
What is the hundreds digit of 13084624?
6
What is the billions digit of 6475224963?
6
What is the thousands digit of 429240369?
0
What is the billions digit of 3742678748?
3
What is the millions digit of 405477537?
5
What is the hundreds digit of 288643566?
5
What is the billions digit of 1145446464?
1
What is the hundred thousands digit of 165967561?
9
What is the millions digit of 373507165?
3
What is the ten thousands digit of 13643134?
4
What is the tens digit of 3993665765?
6
What is the ten thousands digit of 140003332?
0
What is the hundreds digit of 48604104?
1
What is the hundred thousands digit of 3475741307?
7
What is the hundred millions digit of 114978828?
1
What is the ten millions digit of 424172164?
2
What is the hundred thousands digit of 86081778?
0
What is the tens digit of 994396?
9
What is the hundreds digit of 29473712?
7
What is the hundred millions digit of 4215040003?
2
What is the tens digit of 122464839?
3
What is the ten thousands digit of 179787637?
8
What is the thousands digit of 42496875?
6
What is the ten millions digit of 1230087382?
3
What is the units digit of 249933048?
8
What is the ten millions digit of 4292859955?
9
What is the hundred thousands digit of 2477361781?
3
What is the hundred thousands digit of 232879692?
8
What is the thousands digit of 75769553?
9
What is the tens digit of 69505322?
2
What is the hundred millions digit of 214472301?
2
What is the units digit of 4068481572?
2
What is the hundred millions digit of 462932721?
4
What is the millions digit of 458094253?
8
What is the tens digit of 1344433736?
3
What is the ten thousands digit of 76148932?
4
What is the ten millions digit of 480123056?
8
What is the millions digit of 30220411?
0
What is the hundred thousands digit of 106010868?
0
What is the hundreds digit of 2118563391?
3
What is the hundred thousands digit of 838970442?
9
What is the millions digit of 49698657?
9
What is the hundred millions digit of 467332032?
4
What is the units digit of 458995222?
2
What is the units digit of 146666010?
0
What is the hundred thousands digit of 2096675211?
6
What is the thousands digit of 262308775?
8
What is the millions digit of 1556911543?
6
What is the millions digit of 4984322227?
4
What is the thousands digit of 15045407?
5
What is the hundreds digit of 393265138?
1
What is the thousands digit of 44820036?
0
What is the hundred millions digit of 664891773?
6
What is the ten thousands digit of 47206888?
0
What is the units digit of 24622888?
8
What is the tens digit of 2123868240?
4
What is the units digit of 920097348?
8
What is the hundreds digit of 68743079?
0
What is the millions digit of 52700650?
2
What is the hundred thousands digit of 1818725254?
7
What is the millions digit of 313961785?
3
What is the ten millions digit of 16059774?
1
What is the tens digit of 185918282?
8
What is the hundred thousands digit of 182889331?
8
What is the hundred millions digit of 2270219829?
2
What is the hundred thousands digit of 224258445?
2
What is the units digit of 1018971999?
9
What is the tens digit of 49468573?
7
What is the hundred thousands digit of 24246226?
2
What is the ten millions digit of 218967393?
1
What is the hundred thousands digit of 57675916?
6
What is the millions digit of 356139781?
6
What is the units digit of 22313948?
8
What is the hundred thousands digit of 46158793?
1
What is the thousands digit of 429205799?
5
What is the ten thousands digit of 19576538?
7
What is the units digit of 61324864?
4
What is the hundred thousands digit of 4352231189?
2
What is the thousands digit of 143230692?
0
What is the hundreds digit of 702688186?
1
What is the hundred millions digit of 132557011?
1
What is the tens digit of 60710038?
3
What is the hundred millions digit of 2584899906?
5
What is the hundred millions digit of 516499545?
5
What is the ten thousands digit of 34964740?
6
What is the millions digit of 20272765?
0
What is the millions digit of 17656189?
7
What is the units digit of 479241930?
0
What is the tens digit of 7052248192?
9
What is the hundred thousands digit of 201090353?
0
What is the ten thousands digit of 275212433?
1
What is the tens digit of 5277070039?
3
What is the hundreds digit of 8397382?
3
What is the tens digit of 749967180?
8
What is the millions digit of 1755377524?
5
What is the units digit of 2596949616?
6
What is the ten millions digit of 702450259?
0
What is the units digit of 5192493181?
1
What is the ten thousands digit of 37678894?
7
What is the hundreds digit of 32640246?
2
What is the hundred millions digit of 2652997858?
6
What is the ten millions digit of 32829174?
3
What is the thousands digit of 32676323?
6
What is the ten thousands digit of 1397527022?
2
What is the hundred thousands digit of 16070326?
0
What is the tho